 - 2*l - 3. Let w be 1 - (3 - -1) - 1. List the prime factors of c(w).
5
Let u(s) = -2*s + 5. Let t(w) = w - 2. Let m(j) = 5*t(j) + 2*u(j). Let g be m(3). Let v = g + 4. What are the prime factors of v?
7
Suppose -47*q + 408870 = 52*q. What are the prime factors of q?
2, 5, 7, 59
Let q(t) = -t**2 + 7*t - 10. Let y be q(5). Let a be 74/10 - (-6)/(-15). Suppose 2*u - a + 1 = y. List the prime factors of u.
3
Suppose 7*r - 8 = -1. What are the prime factors of (r - -19)*(-29)/(-4)?
5, 29
Let l = -42 + 677. List the prime factors of l.
5, 127
Let p(w) = 100*w - 27. What are the prime factors of p(5)?
11, 43
Suppose -5*y = 48 + 37. Let x = -14 - y. What are the prime factors of x?
3
Let s(i) = -4*i - 5. Let a be s(6). Let u be (-55)/4 + 12/16. Let d = u - a. What are the prime factors of d?
2
Let b(a) be the first derivative of 6*a**2 - 5*a - 10. Let w be b(7). Let j = w + -52. List the prime factors of j.
3
Suppose -878 = -3*o - h + 437, 2*h - 2 = 0. Let w = -254 + o. List the prime factors of w.
2, 23
Suppose -5*p - 41 = -v, -p = -3*v + 3*p + 178. List the prime factors of v.
2, 3, 11
Let j(d) = -d**2 - 18. Let q be j(0). Let c be (-3)/(-1) + (-3 - 0). List the prime factors of (q/(-4) + c)*2.
3
Let k = 654 + -319. List the prime factors of k.
5, 67
Let l = 71 - 38. Suppose x - 72 = 5*x. Let r = x + l. List the prime factors of r.
3, 5
Suppose p + 0*p = 3. Suppose -2*c - 2*j = -18, 2*c + p*j + j - 18 = 0. What are the prime factors of 0 + c/3 + 5?
2
Let h(z) = -z**2 - 7*z + 4. Let j be h(-8). Let r = -26 - j. Let d = -16 - r. List the prime factors of d.
2, 3
Let w(p) = 2*p**2 - 21*p - 11. Let l be w(11). List the prime factors of (1 + l)*-2 - (37 - 308).
269
Let m(u) = 559*u + 473. What are the prime factors of m(8)?
5, 23, 43
Suppose -27*v + 83154 = 777. List the prime factors of v.
3, 113
Let m be ((-10 - -3) + -1)*(0 - -11). Let c = -44 - m. List the prime factors of c.
2, 11
Let i(f) = 69*f**3 + 3*f + 5. List the prime factors of i(2).
563
Let d = 429 + -52. List the prime factors of d.
13, 29
Let n(d) = 7*d**2 - d - 1. Let g be 22/(-12) - (-26)/(-156). What are the prime factors of n(g)?
29
List the prime factors of 493 - 0/3*(-2)/6.
17, 29
Suppose 23344 = 49*j - 30752. List the prime factors of j.
2, 3, 23
Suppose 2*k - 615 = -k. Suppose 0 = 4*o + o - k. Let c = o - 21. What are the prime factors of c?
2, 5
Let h(f) = -6*f**2 - 109*f + 10. List the prime factors of h(-7).
479
Let b(g) = g**3 + 5*g**2 - 7*g - 7. Let c be b(-6). Let v = c - -3. Suppose -v*d = -d - 6. List the prime factors of d.
2, 3
Let c = -1059 - -1859. List the prime factors of c.
2, 5
Let q(z) = 611*z**2 + 2*z - 1. What are the prime factors of q(-1)?
2, 19
Let n(d) = d**2 + 18*d - 2. Let c = -26 + 11. Let y be n(c). Let b = -33 - y. List the prime factors of b.
2, 7
Let y = -6 - -37. Suppose 3*n = -4*m - 5 - 62, -2*m = -n + y. Let r = 26 - m. List the prime factors of r.
2, 3, 7
Let b = -48 + -122. Let z = 311 + b. What are the prime factors of z?
3, 47
Suppose -9*t - 9 = -10*t. Suppose 4*d - t = -0*d - 3*q, -5*q = 5. Let z(l) = 5*l + 4. List the prime factors of z(d).
19
Suppose -3*k = 12 - 3. Let j(c) = -31*c - 16. List the prime factors of j(k).
7, 11
Let g be 5 - 4/2 - (-8)/2. Suppose 769 = 4*x - 5*p, 5*x + 4*p = g*p + 958. What are the prime factors of x?
191
Suppose -8*p = -1178 - 510. What are the prime factors of p?
211
Let t(v) = v**2 + 5*v + 177. What are the prime factors of t(24)?
3, 97
Let r(m) = 14*m**2 + 7*m + 20. Let f(t) = 5*t**2 + 2*t + 7. Let h(o) = 11*f(o) - 4*r(o). Let i be (-2 - 20/(-16)) + 13/(-4). List the prime factors of h(i).
5
Let a = 40 - 35. Suppose 2*n + a*h - 25 = -3*n, 12 = 4*h. What are the prime factors of n?
2
Let v(r) be the first derivative of -r**3/3 + 15*r**2/2 - r - 16. What are the prime factors of v(13)?
5
Suppose 0 = -0*m - 2*m - 2*i + 310, 2*i = -5*m + 775. Let j = m + -108. What are the prime factors of j?
47
Let p be (-9219)/(-45) + (-10)/(-75). Let u = -64 + p. What are the prime factors of u?
3, 47
Let w be -3*(1 - (-17)/(-3)). Let r = w + -14. Suppose r = 3*v + t - 111, -114 = 2*v - 5*v - 2*t. List the prime factors of v.
2, 3
Let m(w) = -7*w - 48. Let o(f) = 14*f + 96. Let q(v) = -7*m(v) - 4*o(v). List the prime factors of q(-22).
2, 53
Let h(t) = 8*t - 2. Let l be h(1). Suppose -c + z = c - l, z + 3 = -c. What are the prime factors of (4 - 0) + (5 - c)?
2
Let o be (-4)/(-12)*1 + (-64)/(-6). What are the prime factors of (o + -135)/(-1*2)?
2, 31
Suppose -5*b + 3*o + 4473 = 0, 2*o + 2*o = 5*b - 4469. List the prime factors of 8/3*b/26.
2, 23
Suppose y - 144 = 5*i, -2*y = -3*i - 20 - 65. Let z = 38 + i. List the prime factors of 228/z*3/2.
2, 19
Let w(a) = -a**2 + 8*a - 2. Let q be w(7). Suppose 23 = q*k - 2. Suppose 0*c - 3*u = -4*c + 288, k*u = -20. List the prime factors of c.
3, 23
Let d = 180 - 336. Let l = d - -412. What are the prime factors of l?
2
Let w = -9 + 12. Let a = w + -3. Suppose -3*j = -4*x - 21, -j + 3*x + 0*x + 7 = a. What are the prime factors of j?
7
Let c(m) = -157*m - 235. What are the prime factors of c(-18)?
2591
Suppose -v - 2*v + 3*l = -3, 5*l - 5 = 0. List the prime factors of 3/(135/3815) - v/(-9).
5, 17
Let y be 113 + -1*(-1)/(-1). Suppose -4*i + 5*i = u - 26, 110 = 3*u + 5*i. Suppose 2*m + 2*r - y = 0, -5*m + 309 = 4*r + u. List the prime factors of m.
5, 11
Let q be -4 - ((-6 - -4) + -5). Suppose -4*w = -q*x - 0*w + 407, 3*w - 140 = -x. Let f = -79 + x. What are the prime factors of f?
2, 29
Let g(y) be the third derivative of y**6/720 + 11*y**5/120 + y**4/6 - 2*y**2. Let n(f) be the second derivative of g(f). List the prime factors of n(13).
2, 3
Suppose -24*t + 22*t = -18. Suppose -18*m + 1539 = -t*m. What are the prime factors of m?
3, 19
Suppose -2*u - 5*r + 68 = 166, -158 = 3*u + 2*r. Let x = 15 - u. List the prime factors of x.
3, 23
Let r(f) = 41*f**2 + 11*f - 34. List the prime factors of r(3).
2, 23
Suppose 12*b + 3447 = 3*b. Let z = 611 + b. What are the prime factors of z?
2, 3, 19
Let h be (-10295)/(-10) + -1 + 3/6. Suppose 7*x - h = 245. What are the prime factors of x?
2, 7, 13
Let r(d) = d**2 + 14*d + 27. Let f be r(-12). Suppose f*h = 67 + 203. What are the prime factors of h?
2, 3, 5
Let v = -14 - -9. Suppose -4*u = 41 - 9. Let p = v - u. What are the prime factors of p?
3
Let o(z) = -z + 3. Let i be o(-2). Suppose 4*v - 17 = -i. What are the prime factors of 1/(v/(101 - -1))?
2, 17
Let b(t) = t**3 - 11*t**2 - 10*t + 2. Let s be b(14). Suppose 10*i = 15*i - s. What are the prime factors of i?
2, 3, 5
Suppose 0*o + 2*o = -7*o. Suppose r + 78 = 2*v + 3*r, o = -4*r + 4. List the prime factors of v.
2, 19
Suppose -70*w + 5046 = -65*w + 3*o, 0 = -w - 5*o + 1018. What are the prime factors of w?
2, 3, 7
Suppose -46*c + 1275 = -31*c. Suppose -w + 30 = -0*w - 3*h, 0 = 4*w + 2*h - 176. Let p = c - w. What are the prime factors of p?
43
Let f(v) = -12*v**3 + v**2 + 2*v - 3. Let x be f(-3). Let c = -171 + x. What are the prime factors of c?
3, 17
Let x be (-1)/(-2) + (-8)/((-96)/18). Suppose 3*o - 680 = -x*o. What are the prime factors of o?
2, 17
Suppose 66*i - 1299 = 63*i. Suppose 4*c - 3*t + 6*t = i, 0 = c - 5*t - 91. List the prime factors of c.
2, 53
Suppose -v - 9 = -68. Let c = v + 37. List the prime factors of c.
2, 3
Let y = 17 + -39. Let w = -13 - y. What are the prime factors of (42/w)/(2/9)?
3, 7
Suppose -2*g = -10, 4*v - g = v + 2821. List the prime factors of v.
2, 3, 157
Suppose 7*v = 2*v + 10. Suppose 3*y + 0*f - 51 = 3*f, 2*f - 50 = -5*y. Suppose -v + y = c. List the prime factors of c.
2, 5
Let q(s) = -15*s - 253. What are the prime factors of q(-44)?
11, 37
Suppose 3*x = -3*v + 156, -v = -6*v - 3*x + 254. Suppose 0 = -3*l - b + v, 2*b = 4*l - 0*b - 72. List the prime factors of l.
17
Suppose -y + 3*x = -34, 3*y - 24 - 30 = -3*x. Let j be (15/(-2))/((-2)/4). Let s = y - j. What are the prime factors of s?
7
Let l(p) = 15*p**2 + p + 19. What are the prime factors of l(-6)?
7, 79
Suppose 0 = -4*g - 20, -3*g = 5*y - 4*g + 1005. Let v = -109 - y. List the prime factors of v.
3, 31
Let p = 78 + 15. Let o = 148 - p. List the prime factors of o.
5, 11
Suppose 6*t - 11*t - 250 = 0. Let v = 55 + t. List the prime factors of v.
5
Suppose -30607 + 8342 = -5*p. What are t